-15. Let l(z) = z**3 - 25*z**2 - 25*z - 2. Let j be l(26). Let w = j + n. What are the prime factors of w?
11
Let o be ((-4)/(-5))/((-2)/(-5)). Suppose 2*h = o*g + 464, g + h + 236 = -0*h. List the prime factors of 4/14 + g/(-14).
17
Let i = -1 - -3. Suppose -y + 42 = i*y. What are the prime factors of y?
2, 7
Let j = -16 - -69. List the prime factors of j.
53
Suppose 14 = -c + 4*h, 5*c + 0*c = 3*h + 15. Let j be (-4)/(-6) - (-134)/c. Let r = j + -10. What are the prime factors of r?
13
What are the prime factors of (-96)/(-6)*3/2?
2, 3
Let o = 1 + 3. Suppose -o + 10 = 2*p. Suppose 0 = p*h - 2 - 4. What are the prime factors of h?
2
Let y(s) = 0 + 3*s**2 - 2*s**2 - 2*s - 2*s**2 + 5. Let d be y(5). What are the prime factors of (60/(-50))/(4/d)?
3
Let d(w) be the second derivative of w**3/6 + w**2 + 3*w. What are the prime factors of d(2)?
2
Let l = -24 + 26. Suppose -4*p + 68 = -2*s - l*s, -4*p = 5*s - 95. List the prime factors of p.
2, 5
What are the prime factors of 2*1/(-2)*-37?
37
Let n(t) = -t - 11. Let u be n(-13). Suppose 5*k = -u*o + 98, 0 = -2*k - 2*k - 5*o + 75. List the prime factors of k.
2, 5
Let q = 84 - 62. What are the prime factors of q?
2, 11
Let d = -6 - -8. Suppose -5*x + w + 200 = -0*x, d*x - 73 = -w. What are the prime factors of (x/12)/(2/8)?
13
Suppose -4*x - 7 = 2*b + 19, 2*b = 2*x + 28. Let j be 1/((2/x)/(-2)). Suppose 0*o - o = -j. List the prime factors of o.
3
Suppose -2*u - 5 = 1. Suppose 5*i + v - 16 = 0, 0 = 3*i - 4*i + v + 2. What are the prime factors of i/2*(-20)/u?
2, 5
Let s(j) = j. Let z(t) = 5*t + 4. Let u(w) = -4*s(w) + z(w). Let n be u(-8). List the prime factors of (1 - n) + 4/(-2).
3
Let i = -22 - -24. What are the prime factors of i?
2
Let s = 10 - 6. Let v(g) = 2*g**2 - 4*g + 3. List the prime factors of v(s).
19
Let h(s) = -s**2 - s + 9. Let b be h(0). Let i = b + -5. Let j(x) = 2*x**2 - 6*x + 4. List the prime factors of j(i).
2, 3
Let z(y) = y**2 + 9*y - 1. Let u be z(-7). Let d = 42 + u. Let j = d - 15. List the prime factors of j.
2, 3
Let g = 237 + -137. List the prime factors of g.
2, 5
Let u(i) = i**2 + i + 1. List the prime factors of u(-2).
3
Let d(t) = -t**3 + 2*t**2 + 2*t - 2. Let f be d(2). Let l be (-2 + 3/f)*0. What are the prime factors of 6*(l + (-1)/(-3))?
2
Let u(h) = -h**3 - 5*h**2 - 9*h - 8. What are the prime factors of u(-7)?
3, 17
Let h(o) = -o**3 + 4*o**2 - 3*o + 2. Let i be h(2). Let r = 97 - i. Suppose -2*t - r = -4*c - 37, -4*t - 47 = -3*c. What are the prime factors of c?
13
Suppose 0*l = -2*l + 18. Let m(s) = s**2 - 5*s + 2. List the prime factors of m(l).
2, 19
Suppose -2*b - 3*b = -10. Suppose -v - w + 1 + 23 = 0, v = b*w + 36. What are the prime factors of v?
2, 7
Let z be (-2 - -1)*(-3 - -1). Suppose 4*v = g + 10, -4*v = -0*g - 5*g - z. What are the prime factors of 18*(8/(-6) + g)?
2, 3
Suppose -7*p + 5*p + 6 = 0. List the prime factors of (p - -4) + (-6)/(-3).
3
Suppose 2*f + 3*a - 120 = 0, 2*f - 100 = -0*f + 2*a. List the prime factors of f.
2, 3
Let a = -148 + 218. List the prime factors of a.
2, 5, 7
Let u(q) = q**3 + 5*q**2 - 6*q - 5. What are the prime factors of u(-5)?
5
Let s = 10 - -10. Suppose s + 18 = 2*x. Suppose 3*c - x = -3*a + 29, 4*c + 24 = 4*a. What are the prime factors of a?
11
Suppose -t = j - 23, 4*j + 7*t - 2*t - 95 = 0. List the prime factors of j.
2, 5
Suppose 2*k = -5*p + 42, -3*p = 4*k + 7 - 35. Suppose 40 - 4 = 4*z + 4*q, 4*z - 3*q = p. What are the prime factors of z?
5
Let n = 31 - -68. List the prime factors of n.
3, 11
Let w = 4 + -3. Let t be (-1 - -1)/(0 + w). Suppose t = -2*p - 4*u - 8, 4*u + 9 + 23 = 2*p. List the prime factors of p.
2, 3
Suppose 4*m - 3*m + 6 = 2*z, 4*m = -2*z + 6. Let u = z - 2. What are the prime factors of u + (0/(-3) - -1)?
2
Let q(g) = g**3 - 12*g**2 + 12*g - 5. What are the prime factors of q(11)?
2, 3
Suppose -2*d + 2*i - i = -257, 2*d - 266 = 4*i. List the prime factors of d.
127
Let w = 143 - 96. List the prime factors of w.
47
Suppose -5*z - 303 - 32 = -2*q, 5*q - 845 = 5*z. List the prime factors of q.
2, 5, 17
Suppose 0 = -3*s - 2*k + 73, -3*k + 2 = -2*k. List the prime factors of (-5)/(15/(-6)) + s.
5
Let u be ((-31)/2)/((-5)/10). Let l = -8 + u. What are the prime factors of l?
23
Let t = 81 - 39. List the prime factors of (t/(-8))/(12/(-32)).
2, 7
List the prime factors of -2 - 1 - (-252)/(-6)*-4.
3, 5, 11
Let c(h) = h**2 + 5*h - 7. Let f be c(-6). List the prime factors of (-20)/f - (-2)/2.
3, 7
Let u = -10 + 12. Suppose u*i + 3*m - 6*m - 29 = 0, -i - 5*m = -47. List the prime factors of i.
2, 11
Suppose 2*h - 12 = 4*h. What are the prime factors of h/(-4)*(-152)/(-12)?
19
Let i(q) = -q**3 + 5*q**2 + 6*q + 1. Let m be i(6). Let r(k) = -k**2 - k + 1. Let o be r(m). List the prime factors of 4*(o - -5 - 2).
2
Suppose -3*v + 11 = -4. Suppose -20 = -v*u + 85. List the prime factors of u.
3, 7
Suppose -s - 6 + 192 = 0. What are the prime factors of s?
2, 3, 31
Let i be (-6 - -3 - -3)/1. Suppose -30 = -i*q - 5*q. What are the prime factors of q?
2, 3
Let g be 90/(-1 - -3) + 0. Let n = g - 28. List the prime factors of n.
17
Suppose 62 = 3*z + 2. Suppose -z = 4*g + 4*r, 0 = 2*g - 3*r - 5 - 5. Let h(s) = -10*s**3 + s + 1. List the prime factors of h(g).
2, 5
Suppose 4*y - 7*y - 150 = 0. List the prime factors of (-3)/(-5) + (-1220)/y.
5
Let s be 9 - (0 - 0 - 0). Let w(z) = -s - 4*z + 2*z + 0. List the prime factors of w(-6).
3
Suppose 0 = -i + 7 + 7. List the prime factors of i.
2, 7
Let y be 4 + -2*(-2)/(-2). Let d be (-1)/(y - 1) + 1. Suppose -l = -d*l - 12. List the prime factors of l.
2, 3
Let b(u) = u**2 + 6*u + 15. List the prime factors of b(-10).
5, 11
Suppose 3*h = 2*h + 130. Suppose 0 = -9*s + 4*s + h. What are the prime factors of s?
2, 13
Suppose 7*s - 2*s - 275 = 0. Suppose s = 5*x - 4*l, 0*x - l = -4*x + 55. What are the prime factors of x?
3, 5
Suppose -5*g = -l + 49, -3*g = 5*l - 0*l - 357. List the prime factors of l.
3, 23
Suppose -4*x + 0*d + 305 = 5*d, -135 = -2*x + d. List the prime factors of x.
2, 5, 7
Let y = 16 + -11. Suppose -3*x = -y*x + 28. Suppose -m + 2*z = -x, 0 = -3*z - z - 12. What are the prime factors of m?
2
Let w(h) be the first derivative of h**3/3 + 9*h**2/2 + 9*h + 5. Let l be w(-7). Let x(z) = -z**2 - 6*z + 2. List the prime factors of x(l).
7
Suppose -4*h = -3*z + 8 + 93, -z + 53 = -2*h. Let q = 50 + h. Let u = 33 - q. List the prime factors of u.
2, 3
Let o(v) = -v - 10. Let g be o(-12). Let u be (31 - 4) + g/(-1). Suppose 3*y - u = -7. List the prime factors of y.
2, 3
Suppose -2*t - t = -p + 4, 4*p + 29 = -3*t. Let z be 34/10 - (-2)/p. Suppose -l - 42 = -z*j - 0*l, 2*j = l + 29. What are the prime factors of j?
13
Let d(j) = -j**3 - 7*j**2 - 7*j + 5. Let x be d(-6). Let a = x - 20. Let k = a + 20. What are the prime factors of k?
11
Suppose 2 = -2*p + 4. What are the prime factors of 23/p - (-10)/(-5)?
3, 7
Suppose 3*m = -2*w + w, -2*w + 5 = m. Suppose -2*v + 34 = 2*a, w*v - 2*v - 4*a - 12 = 0. List the prime factors of v.
2
Suppose 3*g + 3*b + 160 = 8*g, 3*g = b + 96. What are the prime factors of g?
2
Let w(m) = -m**2 + 6*m - 3. Let p be w(5). Suppose 6*i - p*y = i + 8, 0 = 2*i - y - 4. Let r = 2 - i. What are the prime factors of r?
2
Suppose 2*b + 3*f + 4 = 3, -2*b - 2*f = -2. Suppose -5*u - l + 33 = 0, b*u - 5*l - 12 = -l. List the prime factors of u.
2, 3
Let a be -1*6/(-2) + 1. Suppose 7 = -a*q + 19. Suppose -q*f - 2*f = -10. What are the prime factors of f?
2
Let q(f) = -f**3 - 8*f**2 + f + 4. Let r be q(-8). Let u = r + 5. What are the prime factors of (-38)/(-8) + u/4?
5
Let b(m) = -m + 23. Let d be b(0). Let x = d + -13. What are the prime factors of x?
2, 5
Let q = -73 - -123. What are the prime factors of q?
2, 5
Let t(g) = -g**3 - 10*g**2 + 12*g + 16. Let q be t(-11). Suppose -q*s = -266 - 9. What are the prime factors of s?
5, 11
Suppose -m + 5*m = -12. Let s = -89 + 91. List the prime factors of (s/m)/((-10)/255).
17
Suppose 3*w - 2*w - 3*i = 45, -5*i + 180 = 4*w. Suppose 4*o - 11 = w. What are the prime factors of 2 + -2 + (o - 4)?
2, 5
Let d(a) = -5*a**3 - 20*a**2 + 9*a + 26. Let f(u) = -u**3 - 4*u**2 + 2*u + 5. Let t(n) = -2*d(n) + 11*f(n). What are the prime factors of t(-5)?
2
Suppose 2*v = -3*p - 0*v + 105, 5*p - 2*v - 191 = 0. List 